{"id":37,"date":"2020-06-19T09:41:23","date_gmt":"2020-06-19T07:41:23","guid":{"rendered":"http:\/\/127.0.0.1\/wordpress\/?page_id=37"},"modified":"2020-06-19T20:32:20","modified_gmt":"2020-06-19T18:32:20","slug":"rodo","status":"publish","type":"page","link":"https:\/\/altradpoland.pl\/?page_id=37","title":{"rendered":"RODO"},"content":{"rendered":"\n<p>Szanowni Pa\u0144stwo,<\/p>\n\n\n\n<p>W dniu 25 maja 2018r. zacznie obowi\u0105zywa\u0107 Rozporz\u0105dzenie Parlamentu Europejskiego i Rady (UE) 2016\/679 z dnia 27 kwietnia 2016r. w sprawie ochrony os\u00f3b fizycznych w zwi\u0105zku z przetwarzaniem danych osobowych, okre\u015blane jako \u201eRODO\u201d.<\/p>\n\n\n\n<p>Firma Altrad Poland S.A. jest przygotowana do tego, by w \u015bwietle nowych przepis\u00f3w odpowiednio chroni\u0107 Pa\u0144stwa dane osobowe.<\/p>\n\n\n\n<p>W zwi\u0105zku z tym prosimy o zapoznanie si\u0119 z za\u0142\u0105czon\u0105 klauzul\u0105 informacyjn\u0105 oraz pozostawienie jej w Pa\u0144stwa dokumentacji.<\/p>\n\n\n\n<div class=\"wp-block-file\"><a href=\"http:\/\/altradpoland.home.pl\/2020\/wp-content\/uploads\/2020\/06\/klauzulaaltradpoland.pdf\">KLAUZULA INFORMACYJNA ALTRADPOLAND<\/a><a href=\"http:\/\/altradpoland.home.pl\/2020\/wp-content\/uploads\/2020\/06\/klauzulaaltradpoland.pdf\" class=\"wp-block-file__button\" download>Pobierz<\/a><\/div>\n\n\n\n<p><\/p>\n","protected":false},"excerpt":{"rendered":"<p>Szanowni Pa\u0144stwo, W dniu 25 maja 2018r. zacznie obowi\u0105zywa\u0107 Rozporz\u0105dzenie Parlamentu Europejskiego i Rady (UE) 2016\/679 z dnia 27 kwietnia<\/p>\n","protected":false},"author":1,"featured_media":0,"parent":0,"menu_order":0,"comment_status":"closed","ping_status":"closed","template":"","meta":{"footnotes":""},"class_list":["post-37","page","type-page","status-publish","hentry","comments-off"],"_links":{"self":[{"href":"https:\/\/altradpoland.pl\/index.php?rest_route=\/wp\/v2\/pages\/37","targetHints":{"allow":["GET"]}}],"collection":[{"href":"https:\/\/altradpoland.pl\/index.php?rest_route=\/wp\/v2\/pages"}],"about":[{"href":"https:\/\/altradpoland.pl\/index.php?rest_route=\/wp\/v2\/types\/page"}],"author":[{"embeddable":true,"href":"https:\/\/altradpoland.pl\/index.php?rest_route=\/wp\/v2\/users\/1"}],"replies":[{"embeddable":true,"href":"https:\/\/altradpoland.pl\/index.php?rest_route=%2Fwp%2Fv2%2Fcomments&post=37"}],"version-history":[{"count":4,"href":"https:\/\/altradpoland.pl\/index.php?rest_route=\/wp\/v2\/pages\/37\/revisions"}],"predecessor-version":[{"id":167,"href":"https:\/\/altradpoland.pl\/index.php?rest_route=\/wp\/v2\/pages\/37\/revisions\/167"}],"wp:attachment":[{"href":"https:\/\/altradpoland.pl\/index.php?rest_route=%2Fwp%2Fv2%2Fmedia&parent=37"}],"curies":[{"name":"wp","href":"https:\/\/api.w.org\/{rel}","templated":true}]}}