{"id":38,"date":"2020-06-19T09:41:23","date_gmt":"2020-06-19T07:41:23","guid":{"rendered":"http:\/\/127.0.0.1\/wordpress\/?page_id=38"},"modified":"2020-06-19T20:49:40","modified_gmt":"2020-06-19T18:49:40","slug":"kontakt-z-akcjonariuszami","status":"publish","type":"page","link":"https:\/\/altradpoland.pl\/?page_id=38","title":{"rendered":"KONTAKT Z AKCJONARIUSZAMI"},"content":{"rendered":"\n<p><\/p>\n\n\n<ul class=\"lcp_catlist\" id=\"lcp_instance_0\"><li><a href=\"https:\/\/altradpoland.pl\/?p=225\">PI\u0104TE WEZWANIE AKCJONARIUSZY DO Z\u0141O\u017bENIA DOKUMENT\u00d3W AKCJI W SP\u00d3\u0141CE<\/a><\/li><li><a href=\"https:\/\/altradpoland.pl\/?p=221\">Walne Zgromadzenie Akcjonariuszy<\/a><\/li><li><a href=\"https:\/\/altradpoland.pl\/?p=218\">CZWARTE WEZWANIE AKCJONARIUSZY DO Z\u0141O\u017bENIA DOKUMENT\u00d3W AKCJI W SP\u00d3\u0141CE<\/a><\/li><li><a href=\"https:\/\/altradpoland.pl\/?p=212\">TRZECIE WEZWANIE AKCJONARIUSZY DO Z\u0141O\u017bENIA DOKUMENT\u00d3W AKCJI W SP\u00d3\u0141CE<\/a><\/li><li><a href=\"https:\/\/altradpoland.pl\/?p=207\">DRUGIE WEZWANIE AKCJONARIUSZY DO Z\u0141O\u017bENIA DOKUMENT\u00d3W AKCJI W SP\u00d3\u0141CE<\/a><\/li><li><a href=\"https:\/\/altradpoland.pl\/?p=200\">PIERWSZE WEZWANIE AKCJONARIUSZY DO Z\u0141O\u017bENIA DOKUMENT\u00d3W AKCJI W SP\u00d3\u0141CE<\/a><\/li><li><a href=\"https:\/\/altradpoland.pl\/?p=68\">Zwyczajne Walne Zgromadzenie Akcjonariuszy 27.02.2020<\/a><\/li><\/ul>\n\n\n\n<p><\/p>\n","protected":false},"excerpt":{"rendered":"","protected":false},"author":1,"featured_media":0,"parent":0,"menu_order":0,"comment_status":"closed","ping_status":"closed","template":"","meta":{"footnotes":""},"class_list":["post-38","page","type-page","status-publish","hentry","comments-off"],"_links":{"self":[{"href":"https:\/\/altradpoland.pl\/index.php?rest_route=\/wp\/v2\/pages\/38","targetHints":{"allow":["GET"]}}],"collection":[{"href":"https:\/\/altradpoland.pl\/index.php?rest_route=\/wp\/v2\/pages"}],"about":[{"href":"https:\/\/altradpoland.pl\/index.php?rest_route=\/wp\/v2\/types\/page"}],"author":[{"embeddable":true,"href":"https:\/\/altradpoland.pl\/index.php?rest_route=\/wp\/v2\/users\/1"}],"replies":[{"embeddable":true,"href":"https:\/\/altradpoland.pl\/index.php?rest_route=%2Fwp%2Fv2%2Fcomments&post=38"}],"version-history":[{"count":5,"href":"https:\/\/altradpoland.pl\/index.php?rest_route=\/wp\/v2\/pages\/38\/revisions"}],"predecessor-version":[{"id":170,"href":"https:\/\/altradpoland.pl\/index.php?rest_route=\/wp\/v2\/pages\/38\/revisions\/170"}],"wp:attachment":[{"href":"https:\/\/altradpoland.pl\/index.php?rest_route=%2Fwp%2Fv2%2Fmedia&parent=38"}],"curies":[{"name":"wp","href":"https:\/\/api.w.org\/{rel}","templated":true}]}}