{"id":52,"date":"2020-06-19T09:46:07","date_gmt":"2020-06-19T07:46:07","guid":{"rendered":"http:\/\/127.0.0.1\/wordpress\/?page_id=52"},"modified":"2020-06-19T09:48:32","modified_gmt":"2020-06-19T07:48:32","slug":"strona-glowna","status":"publish","type":"page","link":"https:\/\/altradpoland.pl\/","title":{"rendered":"STRONA G\u0141\u00d3WNA"},"content":{"rendered":"\n<p>Witamy na stronach Altrad Poland&nbsp;<\/p>\n\n\n\n<p>Altrad Poland S.A. (do 2000 r. znany jako Spomasz Bia\u0142ystok S.A.) wchodzi w sk\u0142ad francuskiej grupy Altrad, za\u0142o\u017conej w 1985 roku.<\/p>\n\n\n\n<p>Firma posiada szerok\u0105 gam\u0119 produkt\u00f3w w swojej ofercie. G\u0142\u00f3wn\u0105 dzia\u0142alno\u015bci\u0105 firmy jest produkcja&nbsp;<strong>betoniarek<\/strong>&nbsp;oraz dystrybucja&nbsp;<strong>l<\/strong><strong>ekkich maszyn budowlanych<\/strong>&nbsp;produkowanych w zak\u0142adach w Anglii.<\/p>\n\n\n\n<p>Produkty Belle s\u0105 znane przez profesjonalist\u00f3w na ca\u0142ym \u015bwiecie. Grupa reprezentowana jest przez dystrybutor\u00f3w w ponad 90 krajach. Dzia\u0142ania grupy w kierunku rozwoju, powi\u0119kszania oferty produktowej oraz troski o \u015brodowisko naturalne zosta\u0142y wyr\u00f3\u017cnione w 2008 przez Kr\u00f3low\u0105 Angielsk\u0105. Grupa Belle zosta\u0142a laureatem presti\u017cowego Wyr\u00f3\u017cnienia Kr\u00f3lowej dla Przedsi\u0119biorstw. Wyr\u00f3\u017cnienia s\u0105 przyznawane corocznie przez Kr\u00f3low\u0105 na wniosek Premiera.Zakrojona na szerok\u0105 skal\u0119 wsp\u00f3\u0142praca z partnerami z Francji oraz Anglii sprzyja wymianie do\u015bwiadcze\u0144 i owocuje bardzo nowoczesnymi rozwi\u0105zaniami w bran\u017cy. Tradycyjny dla Grupy nacisk na innowacyjno\u015b\u0107 b\u0119dzie widoczny w zaplanowanych na niedalek\u0105 przysz\u0142o\u015b\u0107&nbsp; nowych liniach produktowych.&nbsp;<\/p>\n\n\n\n<p>Produkty Altrad Poland S.A. s\u0105 projektowane tak, aby s\u0142u\u017cy\u0142y&nbsp; latami. Dowodem legendarnej wr\u0119cz trwa\u0142o\u015bci maszyn Belle jest fakt, i\u017c nasze produkty s\u0105 jednymi z najcz\u0119sciej wybieranymi przez wypo\u017cyczalnie maszyn budowlanych.Dope\u0142nieniem oferty betoniarek i maszyn budowlanych s\u0105&nbsp;<strong>taczki<\/strong>.Posiadamy rozbudowany i wszechstronny park maszynowy dzieki czemu mo\u017cemy sie poszczyci\u0107 stworzeniem&nbsp;<strong>najwi\u0119kszego garnka i najwi\u0119kszej patelni&nbsp;<\/strong>w Europie.&nbsp;<\/p>\n\n\n\n<p>Na dzie\u0144 dzisiejszy nie produkujemy ju\u017c&nbsp;<strong>kot\u0142\u00f3w warzelnych<\/strong><strong>&nbsp;i&nbsp;<\/strong><strong>zbiornik\u00f3w.<\/strong><\/p>\n\n\n\n<p>Nasza oferta jest znacznie szersza. Zapoznacie si\u0119 z ni\u0105 Pa\u0144stwo odwiedzaj\u0105c kolejne strony. W razie potrzeby s\u0142u\u017cymy szczeg\u00f3\u0142owymi informacjami i fachowym doradztwem.<\/p>\n\n\n\n<p>Serdecznie zapraszamy do wsp\u00f3\u0142pracy.<\/p>\n","protected":false},"excerpt":{"rendered":"<p>Witamy na stronach Altrad Poland&nbsp; Altrad Poland S.A. (do 2000 r. znany jako Spomasz Bia\u0142ystok S.A.) wchodzi w sk\u0142ad francuskiej<\/p>\n","protected":false},"author":1,"featured_media":0,"parent":0,"menu_order":0,"comment_status":"closed","ping_status":"closed","template":"","meta":{"footnotes":""},"class_list":["post-52","page","type-page","status-publish","hentry","comments-off"],"_links":{"self":[{"href":"https:\/\/altradpoland.pl\/index.php?rest_route=\/wp\/v2\/pages\/52","targetHints":{"allow":["GET"]}}],"collection":[{"href":"https:\/\/altradpoland.pl\/index.php?rest_route=\/wp\/v2\/pages"}],"about":[{"href":"https:\/\/altradpoland.pl\/index.php?rest_route=\/wp\/v2\/types\/page"}],"author":[{"embeddable":true,"href":"https:\/\/altradpoland.pl\/index.php?rest_route=\/wp\/v2\/users\/1"}],"replies":[{"embeddable":true,"href":"https:\/\/altradpoland.pl\/index.php?rest_route=%2Fwp%2Fv2%2Fcomments&post=52"}],"version-history":[{"count":3,"href":"https:\/\/altradpoland.pl\/index.php?rest_route=\/wp\/v2\/pages\/52\/revisions"}],"predecessor-version":[{"id":160,"href":"https:\/\/altradpoland.pl\/index.php?rest_route=\/wp\/v2\/pages\/52\/revisions\/160"}],"wp:attachment":[{"href":"https:\/\/altradpoland.pl\/index.php?rest_route=%2Fwp%2Fv2%2Fmedia&parent=52"}],"curies":[{"name":"wp","href":"https:\/\/api.w.org\/{rel}","templated":true}]}}